f(479).
5
Let d(v) = 5*v**3 - 25*v**2 - 33*v - 73. Calculate d(7).
186
Let j(g) = -g**3 + 61*g**2 + 163*g - 521. What is j(64)?
-2377
Let p(g) = -50*g**2 + 1327*g + 2042. What is p(28)?
-2
Let x(l) = 2*l**3 + 148*l**2 - 3530*l + 432. Determine x(-93).
60
Let q(x) = -172*x**2 - 2225*x + 32. Give q(-13).
-111
Let d(h) = h**3 - 48*h**2 - 244*h - 507. What is d(53)?
606
Let u(k) = 970*k + 103924. Give u(-107).
134
Let k(x) = 774*x + 1053. Give k(-1).
279
Let a(n) = 324*n**2 - 29524*n + 40. Determine a(91).
-3600
Let i(l) = l**3 - 251*l**2 + 270*l - 4995. Determine i(250).
5
Let l(j) = -98709*j + 690967. Give l(7).
4
Let y(u) = -u**3 - 25*u**2 + 5*u - 21. Calculate y(-25).
-146
Let c(k) = -1315*k**2 + 15*k + 18. Calculate c(-1).
-1312
Let p(h) = -21*h**3 + 11402*h**2 + 555*h - 6520. What is p(543)?
-4
Let y(c) = -c**3 + 53*c**2 - 242*c + 23. Give y(5).
13
Let t(i) = -3*i**2 - 187*i - 2195. What is t(-17)?
117
Let d(p) = 20608*p + 721265. Calculate d(-35).
-15
Let n(f) = 14*f**3 + 6*f**2 + 46*f + 278. Calculate n(-5).
-1552
Let w(i) = -23*i**2 - 53*i + 607. What is w(10)?
-2223
Let s(i) = 1243*i - 332715. Calculate s(268).
409
Let r(b) = 1037*b - 21852. Calculate r(21).
-75
Let q(r) = 78*r + 160. What is q(-6)?
-308
Let a(j) = -265296*j + 2122361. Determine a(8).
-7
Let a(b) = 14*b**2 + 4055*b - 43500. Give a(-300).
0
Let i(v) = 6*v**3 - 11*v**2 + 28*v - 54. Calculate i(4).
266
Let a(r) = -9400*r + 28339. Determine a(3).
139
Let c(r) = r**2 - 108745*r - 4133747. Calculate c(-38).
7
Let r(o) = -80*o**2 + 24*o - 212. Calculate r(-5).
-2332
Let g(m) = -2*m**2 - 1890*m + 311158. Calculate g(143).
-10
Let g(a) = -13611*a - 149702. Give g(-11).
19
Let s(p) = -20913*p + 397341. Determine s(19).
-6
Let s(v) = 3*v**2 + 12397*v + 853080. Give s(-70).
-10
Let d(w) = -7691*w - 7793. Calculate d(-1).
-102
Let n(g) = 2*g**3 + 432*g**2 - 352*g + 17795. Give n(-217).
1
Let i(l) = l**3 + 8*l**2 - 90*l - 22. Calculate i(-15).
-247
Let y(j) = j**3 + 84*j**2 + 1744*j - 831. Determine y(-42).
9
Let y(c) = 17158*c - 36060. Calculate y(2).
-1744
Let q(n) = -90000*n + 3059988. Give q(34).
-12
Let o(a) = -102*a**3 + 613*a**2 + 204*a - 1213. Calculate o(6).
47
Let j(q) = -84*q**2 - 2026*q - 6890. Determine j(-4).
-130
Let r(i) = i**3 + 42*i**2 + 436*i + 88. What is r(-12)?
-824
Let q(w) = -33*w**2 - 1503*w - 4907. What is q(-42)?
7
Let w(g) = -3*g**3 - 65*g**2 + 840*g + 17943. Give w(-22).
-53
Let k(m) = 8*m**3 - 81*m**2 - 27*m + 5. Give k(10).
-365
Let k(n) = 4*n**2 + 1931*n - 434037. Calculate k(167).
-4
Let k(a) = -a**3 - 389*a**2 + 6912*a + 4084. Give k(-406).
24
Let q(g) = -111*g**3 + 2400*g**2 - 5527*g - 39. Calculate q(19).
-1
Let u(v) = 2109*v**2 + 94904*v + 3. Calculate u(-45).
48
Let u(o) = -5*o**3 + 891*o**2 - 151*o - 4790. Give u(178).
16
Let f(h) = -2*h**2 - 401*h - 13534. What is f(-43)?
11
Let t(r) = -3*r**2 - 2012*r - 10027. Determine t(-5).
-42
Let m(x) = 1836*x - 40392. What is m(22)?
0
Let w(g) = 107267*g + 26280418. Calculate w(-245).
3
Let w(c) = -1598*c - 49818. What is w(-31)?
-280
Let w(b) = 3715*b + 4045. What is w(-1)?
330
Let d(y) = 1047*y - 89290. Determine d(85).
-295
Let j(x) = 1616*x + 38993. Calculate j(-23).
1825
Let o(x) = 6421*x + 59861. Determine o(-9).
2072
Let m(k) = 3*k**2 - 1501*k - 10560. Calculate m(-7).
94
Let y(j) = -j**3 + 59*j**2 + 15*j - 754. Calculate y(59).
131
Let t(f) = -f**3 - 457*f**2 - 37943*f - 3822. Give t(-348).
6
Let u(d) = -1950*d - 79970. Determine u(-41).
-20
Let v(c) = -913*c - 10717. Calculate v(-12).
239
Let o(k) = -428133*k - 9418933. Calculate o(-22).
-7
Let r(h) = -6604*h + 26400. Calculate r(4).
-16
Let z(y) = -5*y**2 + 203*y + 1417. What is z(47)?
-87
Let t(y) = -4*y**2 + 83*y - 161. What is t(15)?
184
Let p(c) = 2*c**3 + 15*c**2 - 2028*c - 2042. What is p(-1)?
-1
Let j(h) = -5*h**2 + 93*h - 87. Determine j(22).
-461
Let u(i) = -289555*i + 1447749. What is u(5)?
-26
Let q(w) = -2*w**2 + 7433*w - 337618. Calculate q(46).
68
Let l(a) = a**3 + 29*a**2 - 192*a + 2169. Calculate l(-36).
9
Let m(h) = -2*h**3 + 89*h**2 - 355*h - 181. Determine m(40).
19
Let p(x) = 671*x - 45901. Determine p(70).
1069
Let g(q) = 455*q**3 + 7*q**2 + 12*q - 13. Determine g(1).
461
Let u(p) = p**3 + 33*p**2 + 26*p - 1115. Give u(-31).
1
Let t(x) = 14*x + 502. Calculate t(-4).
446
Let z(k) = 1020*k - 163210. Give z(160).
-10
Let s(v) = 2*v**2 - 32*v - 2780. Give s(46).
-20
Let w(i) = -9*i**2 + 477*i - 558. What is w(52)?
-90
Let h(m) = 7955*m + 3627486. Calculate h(-456).
6
Let g(q) = -574*q - 10740. What is g(-19)?
166
Let m(g) = -2*g**2 - 915*g - 99773. Determine m(-179).
-70
Let b(n) = 661*n + 6846. What is b(-12)?
-1086
Let k(a) = -a**3 - 84*a**2 - 1142*a - 52. What is k(-17)?
-1
Let f(y) = -y**2 - 11425*y - 45653. Determine f(-4).
31
Let n(s) = -2*s**2 - 3464*s + 31227. Determine n(9).
-111
Let m(j) = 361993*j + 3981925. Give m(-11).
2
Let v(q) = 6*q**2 + 159*q + 149. What is v(-27)?
230
Let k(j) = -54*j**2 - 17061*j + 982. Determine k(-316).
34
Let n(c) = 12106*c + 14587729. Determine n(-1205).
-1
Let q(h) = -h**3 - 115*h**2 + 158707*h + 3188. Determine q(-460).
-32
Let q(k) = -3430*k - 10296. Determine q(-3).
-6
Let c(z) = -48*z + 12818. Give c(272).
-238
Let c(r) = -r**3 + 54*r**2 - 32*r + 1881. Determine c(54).
153
Let c(y) = y**3 + 13*y**2 - 65*y - 551. Calculate c(-15).
-26
Let b(v) = -160*v - 6939. What is b(-46)?
421
Let c(o) = 439*o**2 + 18*o - 19. Determine c(1).
438
Let l(c) = 164*c**2 + 4083*c + 4. What is l(-25)?
429
Let n(w) = 49*w**2 + 2417*w + 779. Give n(-49).
-5
Let i(z) = z**3 - 2*z**2 - 316*z - 1360. Calculate i(-4).
-192
Let p(l) = -l**3 - 591*l**2 + 34142*l + 6424. Determine p(-644).
-16
Let h(k) = -89*k**3 + 265*k**2 + 892*k - 2660. What is h(3)?
-2
Let d(r) = -2*r**3 - 253*r**2 + 170*r + 5442. Give d(-127).
-19
Let j(m) = -26585*m + 5077725. Calculate j(191).
-10
Let m(p) = -6*p**2 - 149*p - 966. What is m(-9)?
-111
Let h(k) = -8*k**2 - 190*k + 2603. Calculate h(13).
-1219
Let i(q) = q**2 - 329*q + 8498. Calculate i(28).
70
Let q(r) = -r**2 - 59*r + 8318. Give q(66).
68
Let g(p) = -8*p**2 - 105*p + 154. Calculate g(-11).
341
Let u(h) = h**3 - 114*h**2 + 501*h + 1247. Give u(110).
7957
Let m(l) = 6017*l - 2099979. Calculate m(349).
-46
Let r(p) = 3956*p + 43592. What is r(-11)?
76
Let a(p) = -p**3 + 50*p**2 - 498*p + 162. Give a(13).
-59
Let j(d) = 2*d**2 - 8270*d - 124492. Calculate j(-15).
8
Let z(q) = -15*q**2 + 1365*q - 5226. Calculate z(4).
-6
Let d(h) = 14*h**3 - 549*h**2 + 243*h - 4914. What is d(39)?
0
Let h(o) = -86*o + 7793. Calculate h(91).
-33
Let w(z) = 858*z + 398122. Determine w(-464).
10
Let l(h) = -27495*h - 907345. What is l(-33)?
-10
Let c(u) = 1188*u - 33666. What is c(29)?
786
Let b(h) = -17*h**2 + 1255*h + 6211. Determine b(-5).
-489
Let n(b) = -2*b**2 + 397453*b + 1589835. Calculate n(-4).
-9
Let f(x) = -x**3 + 22*x**2 - 85*x + 235. Give f(12).
655
Let y(d) = -d**2 - 46321*d - 3976210. What is y(-86)?
0
Let o(z) = -1728904*z + 36306974. What is o(21)?
-10
Let w(m) = m**3 - 13*m**2 + 65*m - 92. Give w(9).
169
Let n(m) = 5*m**2 - 339*m - 709. What is n(70)?
61
Let g(s) = -1542*s + 46336. What is g(30)?
76
Let k(f) = 3400*f + 95316. What is k(-28)?
116
Let f(a) = 28463*a - 1679380. What is f(59)?
-63
Let x(l) = -579*l + 18608. Give x(32).
80
Let o(r) = 28*r**2 + 1106*r + 4438. Give o(-35).
28
Let d(z) = 2*z**3 + 94*z**2 - 2013*z - 90990. What is d(-30)?
0
Let y(c) = -6*c**2 + 63*c + 158. Calculate y(16).
-370
Let z(n) = n**3 + 400*n**2 + 21251*n + 56. Determine z(-63).
-1204
Let l(h) = -h**3 + 204*h**2 + 1326*h - 145941. Determine l(207).
-6
Let r(i) = 5*i**2 - 242*i - 2656. Calculate r(-11).
611
Let t(o) = 1292*o - 8965. Determine t(7).
79
Let m(j) = -j**3 + 269*j**2 + 36*j - 4048. Give m(269).
5636
Let a(t) = t**2 + 107*t - 97435. What is a(-370)?
-125
Let v(k) = 235*k**2 - 2768*k + 54. Give v(11).
-1959
Let w(l) = 5*l**3 + 978*l**2 - 1985*l - 7. Calculate w(2).
-25
Let l(s) = -69*s**2 - 890*s + 3433. Give l(-16).
9
Let t(v) = 191*v**3 - 20*v**2 + 202*v - 182. Calculate t(1).
191
Let l(j) = -j**3 + 194*j**2 + 993*j + 1769. Give l(199).
1371
Let y(m) = -3*m**3 + 443*m**2 - 2412*m - 281. Determine y(142).
3
Let r(j) = -j**3 - 123*j**2 - 3708*j - 151. Determine r(-53).
-257
Let w(t) =